ed by n.
0
Let t = -2404 - -2602. Calculate the remainder when 422 is divided by t.
26
Suppose o + 2*o = -5*n + 1502, -5*n + 3*o + 1508 = 0. Let x = -184 + n. Calculate the remainder when x is divided by 59.
58
Suppose 5*o + 210*y = 213*y + 3077, 4*o - 2432 = -5*y. What is the remainder when o is divided by 1?
0
Let g(d) = 4*d**2 + 4*d - 7. Let q(o) = 153*o + 1711. Calculate the remainder when g(-5) is divided by q(-11).
17
Suppose 0 = 4*l, -4*x + 5*x + 5*l + 25 = 0. Let r(j) = -j**3 - 24*j**2 + 26*j + 45. Calculate the remainder when r(x) is divided by 7.
6
Let f(p) be the third derivative of p**5/60 + 11*p**4/24 + p**3/3 + 3*p**2. Let i = 50 - 18. What is the remainder when f(-15) is divided by i?
30
What is the remainder when (-2 + 1 + 7)/((1407/(-1134))/(-67)) is divided by 127?
70
Suppose -54*j - 59 + 491 = 0. Calculate the remainder when 30 is divided by j.
6
Let r be (-6)/(-14)*(7 + 7). Calculate the remainder when 68 is divided by (r - (-19)/(-3))*-21.
5
Let v be (-10 - 5 - -11)*5/(-4). Suppose 30 = 2*r + v*n, -n - 53 = -3*r + 9. Calculate the remainder when 99 is divided by r.
19
Let n = 12 + -1. Calculate the remainder when 18/(-24)*12*(-2)/9*71 is divided by n.
10
Let u = -3066 + 3164. Calculate the remainder when 178 is divided by u.
80
Let h(i) = -6*i - 21. Let o(q) = -q**3 + 20*q**2 + 125*q + 3. What is the remainder when h(-8) is divided by o(25)?
0
Let k(p) = -5*p**2 + p + 1. Let w(d) = d + 6. Let o be w(-8). Let l be k(o). Let x = l - -49. Calculate the remainder when 55 is divided by x.
27
Suppose -2736 - 5611 = -91*z - 1067. Calculate the remainder when 3282 is divided by z.
2
Let m = 14917 - 14843. Calculate the remainder when 1773 is divided by m.
71
Suppose -12*l = 5*x - 15*l, 0 = -x + 5*l. Suppose -21 = -r + 4*j, x = -2*r - r - 5*j + 63. Calculate the remainder when r is divided by 17.
4
Suppose 3*c - 4*c = -316*c + 324450. Calculate the remainder when c is divided by 24.
22
What is the remainder when (4256/342)/((-6)/(-27)) is divided by (-116)/(-30) - 4/(-30)?
0
Suppose -2*d - 4 = 2*d, d - 413 = -2*t. Let m = -193 + t. What is the remainder when 138 is divided by m?
12
Suppose -213 = 3*f - 3*g - 60, -f = -5*g + 47. Calculate the remainder when (-5291)/f + (-1)/(-4) is divided by ((-8)/6)/(2/(-39)).
24
Let f = 20212 + -20178. What is the remainder when 2028 is divided by f?
22
Suppose a = -3*a + 92. Suppose -5*f + a = w + w, 5*w + 10 = f. Suppose 72*r - 70*r = 10. What is the remainder when f is divided by r?
0
What is the remainder when 402 is divided by (-5320)/(-196)*14/5?
22
Let n(d) be the second derivative of 0 + 10*d - 27/2*d**2 - 7/6*d**3. Calculate the remainder when 76 is divided by n(-5).
4
Let i be 2/(-1*2) + 1141 + 60. Suppose -5*g + i = 3*g. What is the remainder when g is divided by (96 + -1)*32/80?
36
Suppose -12*p = -83 - 85. Suppose 15*a - 119 + p = 0. Calculate the remainder when 250 is divided by a.
5
Let h(l) = -47*l + 3 - l**2 + 30*l - 1 + 5. Let c be h(-17). Suppose 0 = -4*a + 17 + c. Calculate the remainder when 16 is divided by a.
4
Let x(v) = 9*v**2 + 151*v + 1375. What is the remainder when x(-19) is divided by 67?
13
Let y(v) = 27*v**2 + 862*v - 11. Calculate the remainder when 2908 is divided by y(-32).
46
Suppose 4*r - 15 = 61. Suppose -61*k = -65*k + 28. Let s = 14 - k. Calculate the remainder when r is divided by s.
5
Suppose 3273032 = 529*x - 107*x. Calculate the remainder when x is divided by 20.
16
Let v(p) = -114*p + 539. What is the remainder when v(-16) is divided by 43?
41
Let r(j) = 25*j**2 - 214*j - 2019. Calculate the remainder when r(-9) is divided by 16.
12
Suppose 36 = 2*h - 5*i, 1 = -i - 1. Let k(w) = w**3 + 9*w**2 - 29. What is the remainder when k(-8) is divided by h?
9
Let h be 3 - -1 - -58 - 1. Suppose 4*m + m - 2*q = h, 4*m - 3*q = 53. Suppose m*n = 13*n - 10. What is the remainder when 13 is divided by n?
3
Let o = -2139 - -2406. What is the remainder when o is divided by 62?
19
Suppose i + 13 - 252 = -3*b, -1135 = -5*i - 3*b. Calculate the remainder when i is divided by 52.
16
Let k(o) = -2*o**3 + 58*o**2 + 122*o + 73. Suppose -31 = -u - 2. Calculate the remainder when u is divided by k(31).
7
Suppose 149*n = 133*n + 1248. Calculate the remainder when 1631 is divided by n.
71
Let l = -1362 - -1963. Suppose -456 = -7*d + l. Calculate the remainder when d is divided by 19/(-2)*-4*1.
37
Let w(f) = 2*f + 7. Let q(s) = s**2 + 17*s + 71. Let i be q(-9). Let l be w(i). Calculate the remainder when (l/(75/(-36)))/(4/(-70)) is divided by 3.
0
Let g = -10603 + 10632. Let b = 441 - 298. What is the remainder when b is divided by g?
27
Let g(j) = 555*j**2 - 6*j - 59. Calculate the remainder when g(-2) is divided by 168.
157
Let v be -23*(-3 + 0 + 2). Suppose v = 2*g - 33. Suppose -3*k - 135 = -5*t - 144, -k + 11 = t. Calculate the remainder when g is divided by k.
4
Let p = -377 + 387. Suppose -1 + 8 = -3*t - d, 0 = 3*d + 12. Let w = t + 8. What is the remainder when p is divided by w?
3
Suppose -2*t + 3*t - 83 = -5*r, -r - 2*t = -22. Suppose -4*n + 9*n - 22*n + 2669 = 0. What is the remainder when n is divided by r?
13
Suppose -5*q = 5*s - 4*q - 17, -4*q = -5*s + 32. Suppose -94 = -6*a - s. What is the remainder when 298 is divided by a?
13
Suppose 208*r - 76*r - 101112 = 0. What is the remainder when r is divided by 761?
5
Suppose 4 = -2*v - p + 17, -2*p = -6. Suppose n + v*m + 47 = 0, -4*n - 8*m + 4*m = 156. Let y = n - -44. What is the remainder when 11 is divided by y?
4
What is the remainder when 453 is divided by (-3)/(-60)*-4 + 484/20 + 6?
3
Let y be ((-20)/(-8))/(-1 - (-75)/72). Let k = y + 5. Suppose 4*o = -2*j + 36, 5*o - 29 - 5 = -2*j. Calculate the remainder when k is divided by j.
21
Let x(g) = 6*g**2 + 802*g - 2413. Calculate the remainder when 226 is divided by x(3).
38
Let q(p) = p**3 - 16*p**2 + p - 28. Let m be q(16). Let j(n) = -15*n - 161. Calculate the remainder when 131 is divided by j(m).
17
Let b(p) = -287*p - 12896. What is the remainder when 210 is divided by b(-45)?
1
Let u be (-8)/4 + 3 - -195. Let q = u + -65. Suppose 17 = 2*x - 27. Calculate the remainder when q is divided by x.
21
Suppose 0 = 3*h - 6*q + 4*q - 2885, 2861 = 3*h + 4*q. Calculate the remainder when 4800 is divided by h.
5
Let q(c) = -c**3 + 54*c**2 + 15*c - 279. What is the remainder when 1090 is divided by q(54)?
28
Let s be 76/13 + 32/208. Calculate the remainder when 179 is divided by (24/16)/(s/184).
41
Let p be 8/(-3)*(-243)/(-54). What is the remainder when 0*6/p - -52 is divided by 9?
7
Let z = 33 - 32. What is the remainder when 71 is divided by 2 - z - (-67 - -26)?
29
Let c(y) = 2*y**2 - 11*y - 4. Let u be c(6). Calculate the remainder when 251 is divided by -4 - u/1*-20.
35
Let s(b) = -6 - 18 - 2 + 3*b + 5. Let j(d) = d**3 + 13*d**2 + 42*d + 21. Calculate the remainder when s(9) is divided by j(-8).
1
Suppose -3*a - 76 = -5*w, -3*w + 5*a + 70 = 2*w. Let q = 1693 - 1638. What is the remainder when q is divided by w?
4
Suppose -114*c + 201448 = -88*c. Calculate the remainder when c is divided by 123.
122
Calculate the remainder when 2553 is divided by 50/5 + (-4)/(2 - 6) - -1.
9
Suppose -130*o - 90*o + 22*o = -5346. What is the remainder when o is divided by 18?
9
Let h = 5002 - 4954. Let d = 640 - 258. Calculate the remainder when d is divided by h.
46
Suppose -30 = 4*j - 54. Suppose 65 = 3*h + d, -96 = -4*h + j*d - 5*d. Suppose -2*k = -34 - 100. What is the remainder when k is divided by h?
21
Let g = 245 - 393. Let y = g + 160. What is the remainder when 44 is divided by y?
8
Let u = 4989 - 3002. What is the remainder when u is divided by 28?
27
Let p(f) = 3*f + 39. Let x be p(-12). Suppose 0 = -x*q - 7 - 56. Let a = 68 + q. What is the remainder when a is divided by 12?
11
Let f(b) = -b**2 + 15*b. Let t be f(15). Suppose t = 207*y - 208*y + 28. What is the remainder when 53 is divided by y?
25
Suppose -42579 = -9*k + 53*k - 127*k. What is the remainder when 1898 is divided by k?
359
Suppose 4*x + 4*j - 11556 = 0, 2*x - 5*j - 5954 = -120. What is the remainder when x is divided by 1441?
15
Suppose 4*p - 5*b = 7*p - 29410, -5*p = -2*b - 49027. Calculate the remainder when p is divided by 45.
40
Suppose 291*t - 2071 = 272*t. Calculate the remainder when t is divided by 5